131?
False
Is 41542974 a multiple of 33?
True
Is 334478078 a multiple of 1780?
False
Is 61 a factor of 35162184?
False
Is 2288455932 a multiple of 534?
True
Is 474 a factor of 1396321050?
True
Is 1585514000 a multiple of 436?
True
Is 1424973762 a multiple of 918?
True
Is 103 a factor of 4041063?
False
Is 1003237230 a multiple of 172?
False
Does 6620 divide 225321564?
False
Does 10 divide 1032664580?
True
Is 498 a factor of 60937929?
False
Is 159 a factor of 87010524?
True
Does 186 divide 132990685?
False
Is 620874179 a multiple of 435?
False
Is 9878469 a multiple of 12?
False
Is 87 a factor of 68334063?
True
Does 56 divide 452727763?
False
Does 63 divide 222587965?
False
Is 17032824 a multiple of 6?
True
Is 1075 a factor of 191986400?
True
Is 118 a factor of 70879095?
False
Is 309 a factor of 14310632?
False
Does 3 divide 19503121?
False
Is 214 a factor of 118418612?
True
Is 902 a factor of 131020912?
True
Is 670262536 a multiple of 1310?
False
Is 5 a factor of 10702049?
False
Is 11366037 a multiple of 1645?
False
Is 36 a factor of 681169716?
True
Does 15 divide 369080657?
False
Does 120 divide 6907045?
False
Is 16 a factor of 1301071408?
True
Is 27 a factor of 54964958?
False
Does 18 divide 987882534?
True
Does 1702 divide 76598638?
False
Does 17 divide 909938227?
False
Is 3804 a factor of 737563368?
False
Is 599036287 a multiple of 458?
False
Does 17 divide 301446584?
True
Is 33 a factor of 6440148?
True
Does 13 divide 5347017?
True
Is 3848811114 a multiple of 201?
True
Does 97 divide 68693670?
False
Is 557 a factor of 420921709?
False
Does 25 divide 12373670?
False
Does 17 divide 13262087?
False
Is 430820763 a multiple of 35?
False
Is 65183808 a multiple of 18?
False
Is 2781047750 a multiple of 325?
True
Is 29919346 a multiple of 181?
False
Does 31 divide 10269023?
False
Does 157 divide 671499362?
True
Is 314575501 a multiple of 3899?
False
Is 77803602 a multiple of 305?
False
Is 1141 a factor of 83178900?
True
Does 16 divide 103592272?
True
Is 34164840 a multiple of 40?
True
Is 42774840 a multiple of 24?
True
Is 22927290 a multiple of 86?
False
Does 1845 divide 660504465?
True
Is 4 a factor of 12693369?
False
Does 312 divide 9169992?
True
Does 21 divide 41902896?
True
Is 435234940 a multiple of 28?
True
Does 1324 divide 4944939739?
False
Is 154807744 a multiple of 32?
True
Is 19251163 a multiple of 4?
False
Does 16 divide 12654747?
False
Is 104628934 a multiple of 89?
True
Does 756 divide 20198052?
True
Does 24 divide 39565476?
False
Does 28 divide 1137889760?
True
Is 385214281 a multiple of 135?
False
Does 15 divide 31869628?
False
Is 10 a factor of 75725652?
False
Is 549 a factor of 20809845?
True
Is 3 a factor of 68876877?
True
Does 900 divide 34274700?
True
Does 5 divide 23447305?
True
Does 1803 divide 42684222?
True
Is 734546254 a multiple of 26?
True
Is 37123366 a multiple of 7?
True
Does 4 divide 126855962?
False
Does 750 divide 303029250?
True
Does 11 divide 7915682?
False
Is 89 a factor of 1280725662?
False
Is 390670600 a multiple of 772?
True
Is 10 a factor of 3002783?
False
Is 17586954 a multiple of 7?
True
Is 163522423 a multiple of 3890?
False
Does 13 divide 2403410100?
True
Does 18 divide 1816033032?
True
Is 1304 a factor of 4641149325?
False
Does 1646 divide 36191769?
False
Does 25 divide 65420788?
False
Is 315569100 a multiple of 385?
True
Is 52819632 a multiple of 8?
True
Does 420 divide 165481912?
False
Is 232 a factor of 1569637528?
True
Is 657 a factor of 42698791?
False
Does 2993 divide 600841757?
True
Is 799 a factor of 155968827?
False
Does 92 divide 981725284?
True
Is 502 a factor of 16449034?
True
Is 3690488 a multiple of 287?
False
Is 101745469 a multiple of 2?
False
Is 3263 a factor of 444835001?
True
Does 24 divide 58265064?
True
Does 6809 divide 470134214?
True
Is 415075976 a multiple of 14?
True
Is 3986 a factor of 3904664558?
False
Is 72006407 a multiple of 18?
False
Does 9 divide 2698245?
True
Does 36 divide 4684297?
False
Does 55 divide 196605579?
False
Does 1287 divide 770821433?
False
Is 1466285016 a multiple of 147?
True
Does 18 divide 90424656?
True
Does 693 divide 631781073?
True
Is 273693929 a multiple of 193?
False
Is 293663571 a multiple of 4?
False
Is 359 a factor of 11038532?
True
Is 2842077929 a multiple of 948?
False
Is 811908732 a multiple of 1383?
False
Is 105337164 a multiple of 348?
True
Does 225 divide 2391967818?
False
Does 869 divide 192789388?
True
Is 301083660 a multiple of 36?
True
Does 12 divide 2836404?
True
Does 62 divide 123745428?
True
Is 73 a factor of 163792637?
False
Is 308 a factor of 31932208?
True
Is 51043320 a multiple of 142?
True
Is 59732361 a multiple of 83?
True
Is 18050886 a multiple of 21?
True
Is 567707422 a multiple of 2774?
True
Is 17 a factor of 927086?
False
Is 28130891 a multiple of 6?
False
Is 8140606 a multiple of 20?
False
Does 52 divide 5728566116?
True
Is 17831508 a multiple of 41?
False
Does 166 divide 21502906?
False
Is 59 a factor of 52165095?
False
Does 6206 divide 1154895197?
False
Does 368 divide 645995702?
False
Does 24 divide 139584824?
False
Is 15527457 a multiple of 83?
False
Is 78406690 a multiple of 1857?
False
Is 9061068 a multiple of 68?
True
Does 1667 divide 60597059?
False
Does 3172 divide 25829596?
True
Is 229630016 a multiple of 154?
True
Is 14685948 a multiple of 1042?
True
Does 8631 divide 2731254057?
True
Is 864 a factor of 502198260?
False
Is 4639 a factor of 1486449099?
False
Does 653 divide 498548873?
False
Is 28645227 a multiple of 3?
True
Is 2 a factor of 259863?
False
Does 2285 divide 12716025?
True
Is 478486500 a multiple of 950?
True
Does 915 divide 9392760?
False
Does 118 divide 32703936?
True
Is 701540128 a multiple of 70?
False
Is 33 a factor of 1331779?
False
Is 77 a factor of 352968?
True
Is 2 a factor of 5804357?
False
Does 4 divide 7480835?
False
Is 361 a factor of 2509865864?
False
Does 157 divide 1064027269?
False
Is 100 a factor of 172800700?
True
Is 56981753 a multiple of 7?
False
Is 116901523 a multiple of 6?
False
Is 296676868 a multiple of 76?
True
Does 546 divide 6924454?
False
Does 1461 divide 22749781?
False
Is 8 a factor of 20495963?
False
Is 2476910686 a multiple of 4623?
False
Is 1802 a factor of 233544606?
True
Does 4846 divide 795552527?
False
Is 103233348 a multiple of 10?
False
Is 2 a factor of 1044648?
True
Is 41348401 a multiple of 2?
False
Is 137262748 a multiple of 329?
True
Is 3217 a factor of 88875504?
False
Is 556592961 a multiple of 37?
True
Is 9 a factor of 742972590?
True
Is 6540172 a multiple of 4?
True
Is 46525864 a multiple of 517?
True
Is 40 a factor of 1310520?
True
Is 4191 a factor of 60606051?
True
Is 155 a factor of 938511360?
True
Does 987 divide 1435881678?
True
Does 2569 divide 947948155?
True
Does 231 divide 434029596?
True
Is 37 a factor of 4606551?
False
Does 197 divide 33130672?
True
Does 4116 divide 37507503?
False
Is 313452078 a multiple of 71?
True
Is 85925594 a multiple of 269?
True
Is 4900629 a multiple of 3?
True
Is 4069 a factor of 403343694?
True
Is 17278514 a multiple of 3086?
True
Is 11 a factor of 2144721297?
False
Is 116 a factor of 18480772?
True
Is 804223428 a multiple of 411?
True
Does 24 divide 4113077808?
True
Is 2092418 a multiple of 13?
False
Does 47 divide 48225529?
False
Is 394322070 a multiple of 1670?
True
Is 107371145 a multiple of 7?
True
Is 347 a factor of 1506488?
False
Is 200795273 a multiple of 88?
False
Is 765 a factor of 84400229?
False
Is 10051660 a multiple of 890?
True
Is 437163490 a multiple of 8?
False
Is 35010586 a multiple of 49?
False
Is 510 a factor of 335575370?
False
Is 9 a factor of 75340082?
False
Is 13 a factor of 358728656?
True
Is 14 a factor of 10557762?
False
Is 1574625 a multiple of 2375?
True
Is 313 a factor of 110755676?
True
Does 6488 divide 462045342?
False
Does 39 divide 222375894?
True
Does 155 divide 8745100?
True
Is 117 a factor of 32730633?
True
Does 1693 divide 661193034?
False
Does 910 divide 49060830?
True
Is 3001 a factor of 215359649?
False
Is 5024 a factor of 1557251870?
False
Is 110 a factor of 134546252?
False
Does 289 divide 25624738?
False
Is 10 a factor of 266186043?
False
Is 16188180 a multiple of 122?
True
Does 19 divide 44513447?
True
Is 8 a factor of 7522526?
False
Is 121320517 a multiple of 33?
False
I